{"id":1645,"date":"2025-10-23T11:37:00","date_gmt":"2025-10-23T11:37:00","guid":{"rendered":"http:\/\/www.donboscotolmezzo.it\/?page_id=1645"},"modified":"2025-10-27T08:32:27","modified_gmt":"2025-10-27T08:32:27","slug":"don-bosco","status":"publish","type":"page","link":"https:\/\/www.donboscotolmezzo.it\/index.php\/don-bosco\/","title":{"rendered":"Don Bosco"},"content":{"rendered":"<div class=\"wpb-content-wrapper\"><p>[vc_row][vc_column width=&#8221;1\/2&#8243;][vc_custom_heading text=&#8221;San Giovanni Bosco: Il Padre, Maestro e Amico dei Giovani&#8221; google_fonts=&#8221;font_family:Montserrat%3Aregular%2C700|font_style:700%20bold%20regular%3A700%3Anormal&#8221; css=&#8221;&#8221;][vc_column_text css=&#8221;&#8221;]San Giovanni Bosco, affettuosamente conosciuto come <b>Don Bosco<\/b>, \u00e8 il fondatore della Famiglia Salesiana e la figura centrale della nostra identit\u00e0 e missione educativa. La sua vita fu interamente dedicata ai giovani, in particolare a quelli pi\u00f9 poveri e in difficolt\u00e0, e la sua eredit\u00e0 vive oggi in ogni nostra attivit\u00e0 a Tolmezzo e nel mondo.<\/p>\n<h2><b>Un Sogno Trasformato in Realt\u00e0<\/b><\/h2>\n<p>Nato nel 1815 in una piccola cascina nei pressi di Castelnuovo d&#8217;Asti, Giovanni Bosco comprese fin da bambino la sua vocazione educativa, ispirato da un sogno profetico avuto all&#8217;et\u00e0 di nove anni. Ordinato sacerdote nel 1841, si stabil\u00ec a Torino e diede inizio all&#8217;<b>Oratorio<\/b>, un luogo che per i ragazzi era contemporaneamente:<\/p>\n<ol start=\"1\">\n<li><b>Casa che Accoglie:<\/b> Un ambiente familiare, caldo e sicuro.<\/li>\n<li><b>Parrocchia che Evangelizza:<\/b> Un luogo di crescita spirituale e fede.<\/li>\n<li><b>Scuola che Avvia alla Vita:<\/b> Un centro di formazione professionale e culturale.<\/li>\n<li><b>Cortile per Incontrarsi e Vivere in Allegria:<\/b> Uno spazio di gioco, festa e amicizia.<\/li>\n<\/ol>\n<p>Questo modello, che combina educazione, evangelizzazione e socializzazione, \u00e8 il cuore di ogni nostra opera.<\/p>\n<h2><b>Il Pilastro: Il Sistema Preventivo<\/b><\/h2>\n<p>Don Bosco ha lasciato un <b>metodo educativo rivoluzionario<\/b> e ancora attualissimo: il <b>Sistema Preventivo<\/b>. Questo sistema si basa sulla convinzione che sia meglio prevenire il male con l&#8217;educazione piuttosto che punirlo con la repressione. Si fonda su tre pilastri interdipendenti:<\/p>\n<ul>\n<li><b>Ragione:<\/b> Chiarezza nelle regole, buon senso e dialogo.<\/li>\n<li><b>Religione:<\/b> La fede come fondamento della vita e della speranza.<\/li>\n<li><b>Amorevolezza:<\/b> Un amore paterno e affettuoso, basato sulla presenza costante e sull&#8217;ascolto.<\/li>\n<\/ul>\n<p>Il Segreto di Don Bosco era quello di <b>amare ci\u00f2 che amano i giovani<\/b> per poi guidarli verso ci\u00f2 che \u00e8 buono e vero, instaurando un rapporto di fiducia profonda e sincera.<\/p>\n<h2><b>L&#8217;Eredit\u00e0 a Tolmezzo<\/b><\/h2>\n<p>Qui al Collegio Don Bosco di Tolmezzo, l&#8217;ideale del Santo \u00e8 la nostra guida quotidiana. Attraverso le attivit\u00e0 scolastiche, l&#8217;Oratorio e i progetti come il Doposcuola, continuiamo a incarnare lo <b>Spirito Salesiano<\/b>: creare un clima di <b>allegria<\/b>, di <b>famiglia<\/b> e di <b>impegno<\/b> per far crescere i ragazzi come &#8220;onesti cittadini e buoni cristiani&#8221;.<\/p>\n<p><b>Celebriamo la figura di Don Bosco il 31 gennaio<\/b>, ma il suo spirito vive ogni giorno tra le mura della nostra Casa. Invitiamo tutti, famiglie e giovani, a scoprire e a vivere l&#8217;esperienza unica dello Stile Salesiano.[\/vc_column_text][\/vc_column][vc_column width=&#8221;1\/2&#8243;][vc_single_image image=&#8221;1819&#8243; img_size=&#8221;full&#8221; alignment=&#8221;center&#8221; css=&#8221;&#8221;][\/vc_column][\/vc_row]<\/p>\n<\/div>","protected":false},"excerpt":{"rendered":"<p>[vc_row][vc_column width=&#8221;1\/2&#8243;][vc_custom_heading text=&#8221;San Giovanni Bosco: Il Padre, Maestro e Amico dei Giovani&#8221; google_fonts=&#8221;font_family:Montserrat%3Aregular%2C700|font_style:700%20bold%20regular%3A700%3Anormal&#8221; css=&#8221;&#8221;][vc_column_text css=&#8221;&#8221;]San Giovanni Bosco, affettuosamente conosciuto come Don Bosco, \u00e8 il fondatore della Famiglia Salesiana e la figura centrale della nostra identit\u00e0 e missione educativa. La sua vita fu interamente dedicata ai giovani, in particolare a quelli pi\u00f9 poveri e in difficolt\u00e0, [&hellip;]<\/p>\n","protected":false},"author":2,"featured_media":0,"parent":0,"menu_order":0,"comment_status":"closed","ping_status":"closed","template":"","meta":{"footnotes":""},"class_list":["post-1645","page","type-page","status-publish","hentry"],"yoast_head":"<!-- This site is optimized with the Yoast SEO plugin v26.3 - https:\/\/yoast.com\/wordpress\/plugins\/seo\/ -->\n<title>Don Bosco - Don Bosco Tolmezzo<\/title>\n<meta name=\"robots\" content=\"index, follow, max-snippet:-1, max-image-preview:large, max-video-preview:-1\" \/>\n<link rel=\"canonical\" href=\"http:\/\/www.donboscotolmezzo.it\/index.php\/don-bosco\/\" \/>\n<meta property=\"og:locale\" content=\"it_IT\" \/>\n<meta property=\"og:type\" content=\"article\" \/>\n<meta property=\"og:title\" content=\"Don Bosco - Don Bosco Tolmezzo\" \/>\n<meta property=\"og:description\" content=\"[vc_row][vc_column width=&#8221;1\/2&#8243;][vc_custom_heading text=&#8221;San Giovanni Bosco: Il Padre, Maestro e Amico dei Giovani&#8221; google_fonts=&#8221;font_family:Montserrat%3Aregular%2C700|font_style:700%20bold%20regular%3A700%3Anormal&#8221; css=&#8221;&#8221;][vc_column_text css=&#8221;&#8221;]San Giovanni Bosco, affettuosamente conosciuto come Don Bosco, \u00e8 il fondatore della Famiglia Salesiana e la figura centrale della nostra identit\u00e0 e missione educativa. La sua vita fu interamente dedicata ai giovani, in particolare a quelli pi\u00f9 poveri e in difficolt\u00e0, [&hellip;]\" \/>\n<meta property=\"og:url\" content=\"http:\/\/www.donboscotolmezzo.it\/index.php\/don-bosco\/\" \/>\n<meta property=\"og:site_name\" content=\"Don Bosco Tolmezzo\" \/>\n<meta property=\"article:modified_time\" content=\"2025-10-27T08:32:27+00:00\" \/>\n<meta name=\"twitter:card\" content=\"summary_large_image\" \/>\n<script type=\"application\/ld+json\" class=\"yoast-schema-graph\">{\"@context\":\"https:\/\/schema.org\",\"@graph\":[{\"@type\":\"WebPage\",\"@id\":\"http:\/\/www.donboscotolmezzo.it\/index.php\/don-bosco\/\",\"url\":\"http:\/\/www.donboscotolmezzo.it\/index.php\/don-bosco\/\",\"name\":\"Don Bosco - Don Bosco Tolmezzo\",\"isPartOf\":{\"@id\":\"https:\/\/www.donboscotolmezzo.it\/#website\"},\"datePublished\":\"2025-10-23T11:37:00+00:00\",\"dateModified\":\"2025-10-27T08:32:27+00:00\",\"breadcrumb\":{\"@id\":\"http:\/\/www.donboscotolmezzo.it\/index.php\/don-bosco\/#breadcrumb\"},\"inLanguage\":\"it-IT\",\"potentialAction\":[{\"@type\":\"ReadAction\",\"target\":[\"http:\/\/www.donboscotolmezzo.it\/index.php\/don-bosco\/\"]}]},{\"@type\":\"BreadcrumbList\",\"@id\":\"http:\/\/www.donboscotolmezzo.it\/index.php\/don-bosco\/#breadcrumb\",\"itemListElement\":[{\"@type\":\"ListItem\",\"position\":1,\"name\":\"Home\",\"item\":\"https:\/\/www.donboscotolmezzo.it\/\"},{\"@type\":\"ListItem\",\"position\":2,\"name\":\"Don Bosco\"}]},{\"@type\":\"WebSite\",\"@id\":\"https:\/\/www.donboscotolmezzo.it\/#website\",\"url\":\"https:\/\/www.donboscotolmezzo.it\/\",\"name\":\"Don Bosco Tolmezzo\",\"description\":\"\",\"potentialAction\":[{\"@type\":\"SearchAction\",\"target\":{\"@type\":\"EntryPoint\",\"urlTemplate\":\"https:\/\/www.donboscotolmezzo.it\/?s={search_term_string}\"},\"query-input\":{\"@type\":\"PropertyValueSpecification\",\"valueRequired\":true,\"valueName\":\"search_term_string\"}}],\"inLanguage\":\"it-IT\"}]}<\/script>\n<!-- \/ Yoast SEO plugin. -->","yoast_head_json":{"title":"Don Bosco - Don Bosco Tolmezzo","robots":{"index":"index","follow":"follow","max-snippet":"max-snippet:-1","max-image-preview":"max-image-preview:large","max-video-preview":"max-video-preview:-1"},"canonical":"http:\/\/www.donboscotolmezzo.it\/index.php\/don-bosco\/","og_locale":"it_IT","og_type":"article","og_title":"Don Bosco - Don Bosco Tolmezzo","og_description":"[vc_row][vc_column width=&#8221;1\/2&#8243;][vc_custom_heading text=&#8221;San Giovanni Bosco: Il Padre, Maestro e Amico dei Giovani&#8221; google_fonts=&#8221;font_family:Montserrat%3Aregular%2C700|font_style:700%20bold%20regular%3A700%3Anormal&#8221; css=&#8221;&#8221;][vc_column_text css=&#8221;&#8221;]San Giovanni Bosco, affettuosamente conosciuto come Don Bosco, \u00e8 il fondatore della Famiglia Salesiana e la figura centrale della nostra identit\u00e0 e missione educativa. La sua vita fu interamente dedicata ai giovani, in particolare a quelli pi\u00f9 poveri e in difficolt\u00e0, [&hellip;]","og_url":"http:\/\/www.donboscotolmezzo.it\/index.php\/don-bosco\/","og_site_name":"Don Bosco Tolmezzo","article_modified_time":"2025-10-27T08:32:27+00:00","twitter_card":"summary_large_image","schema":{"@context":"https:\/\/schema.org","@graph":[{"@type":"WebPage","@id":"http:\/\/www.donboscotolmezzo.it\/index.php\/don-bosco\/","url":"http:\/\/www.donboscotolmezzo.it\/index.php\/don-bosco\/","name":"Don Bosco - Don Bosco Tolmezzo","isPartOf":{"@id":"https:\/\/www.donboscotolmezzo.it\/#website"},"datePublished":"2025-10-23T11:37:00+00:00","dateModified":"2025-10-27T08:32:27+00:00","breadcrumb":{"@id":"http:\/\/www.donboscotolmezzo.it\/index.php\/don-bosco\/#breadcrumb"},"inLanguage":"it-IT","potentialAction":[{"@type":"ReadAction","target":["http:\/\/www.donboscotolmezzo.it\/index.php\/don-bosco\/"]}]},{"@type":"BreadcrumbList","@id":"http:\/\/www.donboscotolmezzo.it\/index.php\/don-bosco\/#breadcrumb","itemListElement":[{"@type":"ListItem","position":1,"name":"Home","item":"https:\/\/www.donboscotolmezzo.it\/"},{"@type":"ListItem","position":2,"name":"Don Bosco"}]},{"@type":"WebSite","@id":"https:\/\/www.donboscotolmezzo.it\/#website","url":"https:\/\/www.donboscotolmezzo.it\/","name":"Don Bosco Tolmezzo","description":"","potentialAction":[{"@type":"SearchAction","target":{"@type":"EntryPoint","urlTemplate":"https:\/\/www.donboscotolmezzo.it\/?s={search_term_string}"},"query-input":{"@type":"PropertyValueSpecification","valueRequired":true,"valueName":"search_term_string"}}],"inLanguage":"it-IT"}]}},"_links":{"self":[{"href":"https:\/\/www.donboscotolmezzo.it\/index.php\/wp-json\/wp\/v2\/pages\/1645","targetHints":{"allow":["GET"]}}],"collection":[{"href":"https:\/\/www.donboscotolmezzo.it\/index.php\/wp-json\/wp\/v2\/pages"}],"about":[{"href":"https:\/\/www.donboscotolmezzo.it\/index.php\/wp-json\/wp\/v2\/types\/page"}],"author":[{"embeddable":true,"href":"https:\/\/www.donboscotolmezzo.it\/index.php\/wp-json\/wp\/v2\/users\/2"}],"replies":[{"embeddable":true,"href":"https:\/\/www.donboscotolmezzo.it\/index.php\/wp-json\/wp\/v2\/comments?post=1645"}],"version-history":[{"count":3,"href":"https:\/\/www.donboscotolmezzo.it\/index.php\/wp-json\/wp\/v2\/pages\/1645\/revisions"}],"predecessor-version":[{"id":1820,"href":"https:\/\/www.donboscotolmezzo.it\/index.php\/wp-json\/wp\/v2\/pages\/1645\/revisions\/1820"}],"wp:attachment":[{"href":"https:\/\/www.donboscotolmezzo.it\/index.php\/wp-json\/wp\/v2\/media?parent=1645"}],"curies":[{"name":"wp","href":"https:\/\/api.w.org\/{rel}","templated":true}]}}