{"id":1627,"date":"2025-10-23T11:23:36","date_gmt":"2025-10-23T11:23:36","guid":{"rendered":"http:\/\/www.donboscotolmezzo.it\/?page_id=1627"},"modified":"2025-11-04T10:41:27","modified_gmt":"2025-11-04T10:41:27","slug":"doposcuola","status":"publish","type":"page","link":"https:\/\/www.donboscotolmezzo.it\/index.php\/doposcuola\/","title":{"rendered":"Doposcuola &#8211; Progetto Winter Plus"},"content":{"rendered":"<div class=\"wpb-content-wrapper\"><p>[vc_row][vc_column width=&#8221;1\/2&#8243;][vc_custom_heading text=&#8221;IL DOPOSCUOLA&#8221; google_fonts=&#8221;font_family:Montserrat%3Aregular%2C700|font_style:700%20bold%20regular%3A700%3Anormal&#8221; css=&#8221;&#8221;][vc_raw_html css=&#8221;&#8221;]JTNDY2VudGVyJTNFJTBEJTBBJTIwJTIwJTIwJTIwJTNDJTJGY2VudGVyJTNFJTNDJTIxLS0lMjBHb29nbGUlMjBDYWxlbmRhciUyMEFwcG9pbnRtZW50JTIwU2NoZWR1bGluZyUyMGJlZ2luJTIwLS0lM0UlMEQlMEElM0NsaW5rJTIwaHJlZiUzRCUyMmh0dHBzJTNBJTJGJTJGY2FsZW5kYXIuZ29vZ2xlLmNvbSUyRmNhbGVuZGFyJTJGc2NoZWR1bGluZy1idXR0b24tc2NyaXB0LmNzcyUyMiUyMHJlbCUzRCUyMnN0eWxlc2hlZXQlMjIlM0UlMEQlMEElM0NzY3JpcHQlMjBzcmMlM0QlMjJodHRwcyUzQSUyRiUyRmNhbGVuZGFyLmdvb2dsZS5jb20lMkZjYWxlbmRhciUyRnNjaGVkdWxpbmctYnV0dG9uLXNjcmlwdC5qcyUyMiUyMGFzeW5jJTNFJTNDJTJGc2NyaXB0JTNFJTBEJTBBJTNDc2NyaXB0JTNFJTBEJTBBJTI4ZnVuY3Rpb24lMjglMjklMjAlN0IlMEQlMEElMjAlMjB2YXIlMjB0YXJnZXQlMjAlM0QlMjBkb2N1bWVudC5jdXJyZW50U2NyaXB0JTNCJTBEJTBBJTIwJTIwd2luZG93LmFkZEV2ZW50TGlzdGVuZXIlMjglMjdsb2FkJTI3JTJDJTIwZnVuY3Rpb24lMjglMjklMjAlN0IlMEQlMEElMjAlMjAlMjAlMjBjYWxlbmRhci5zY2hlZHVsaW5nQnV0dG9uLmxvYWQlMjglN0IlMEQlMEElMjAlMjAlMjAlMjAlMjAlMjB1cmwlM0ElMjAlMjdodHRwcyUzQSUyRiUyRmNhbGVuZGFyLmdvb2dsZS5jb20lMkZjYWxlbmRhciUyRmFwcG9pbnRtZW50cyUyRkFjWnNzWjBHVVVYUHllLXc4S2JzX3pMQmp2NS0zNzVXeHgwN1VYd0VhbVUlM0QlM0ZndiUzRHRydWUlMjclMkMlMEQlMEElMjAlMjAlMjAlMjAlMjAlMjBjb2xvciUzQSUyMCUyNyUyMzAzOUJFNSUyNyUyQyUwRCUwQSUyMCUyMCUyMCUyMCUyMCUyMGxhYmVsJTNBJTIwJTI3Rmlzc2ElMjB1biUyMGFwcHVudGFtZW50byUyNyUyQyUwRCUwQSUyMCUyMCUyMCUyMCUyMCUyMHRhcmdldCUyQyUwRCUwQSUyMCUyMCUyMCUyMCU3RCUyOSUzQiUwRCUwQSUyMCUyMCU3RCUyOSUzQiUwRCUwQSU3RCUyOSUyOCUyOSUzQiUwRCUwQSUzQyUyRnNjcmlwdCUzRSUwRCUwQSUzQyUyMS0tJTIwZW5kJTIwR29vZ2xlJTIwQ2FsZW5kYXIlMjBBcHBvaW50bWVudCUyMFNjaGVkdWxpbmclMjAtLSUzRSUwRCUwQSUzQyUyRmNlbnRlciUzRQ==[\/vc_raw_html][vc_column_text css=&#8221;&#8221;]<b>L&#8217;Oratorio Salesiano Don Bosco di Tolmezzo lancia il progetto WINTER PLUS, un servizio di supporto allo studio strutturato e mirato, pensato per affiancare le famiglie della Carnia nel percorso formativo dei loro figli.<\/b><\/p>\n<p>Il nostro impegno va oltre la semplice esecuzione dei compiti. L&#8217;obiettivo primario di WINTER PLUS \u00e8 <b>educare i ragazzi a un metodo di studio efficace<\/b> e potenziarne l&#8217;<b>autonomia<\/b>, preparandoli ad affrontare il futuro con sicurezza.<\/p>\n<h3><b>Al Centro: Il Ragazzo e il Metodo Preventivo<\/b><\/h3>\n<p>Guidati dai principi del <b>Sistema Preventivo di Don Bosco<\/b>, i nostri educatori pongono ogni ragazzo al centro dell&#8217;attenzione. In questo modo, creiamo le condizioni ideali per un ambiente di studio <b>sereno ed equilibrato<\/b>, fondamentale per un apprendimento duraturo.<\/p>\n<p>Il progetto \u00e8 rivolto a tutti i <b>ragazzi delle Scuole Secondarie di Primo Grado (Medie)<\/b> e del <b>Biennio delle Scuole Superiori<\/b>.<\/p>\n<p><b>Nota Importante:<\/b> La partecipazione a WINTER PLUS \u00e8 vincolata dalla <b>firma di un patto educativo<\/b> e dal versamento di una quota di iscrizione, a testimonianza dell&#8217;alleanza e della collaborazione tra l&#8217;Oratorio e le famiglie.<\/p>\n<h3><b>Le Nostre Proposte: Due Percorsi per Ogni Esigenza<\/b><\/h3>\n<p>WINTER PLUS si articola in due proposte distinte, flessibili e modulabili in base alle necessit\u00e0 di studio.<\/p>\n<h3><b>1. DOPOSCUOLA (Compiti Generici)<\/b><\/h3>\n<p>Ideale per chi cerca un supporto quotidiano nello svolgimento di tutti i compiti assegnati e nell&#8217;organizzazione dello studio.<\/p>\n<table>\n<thead>\n<tr>\n<td><strong>Dettaglio<\/strong><\/td>\n<td><strong>Informazioni<\/strong><\/td>\n<\/tr>\n<\/thead>\n<tbody>\n<tr>\n<td><b>Quando<\/b><\/td>\n<td>Luned\u00ec, Mercoled\u00ec e Venerd\u00ec<\/td>\n<\/tr>\n<tr>\n<td><b>Periodo<\/b><\/td>\n<td>Dal 30 settembre al 30 maggio<\/td>\n<\/tr>\n<tr>\n<td><b>Quota Mensile<\/b><\/td>\n<td>1 giorno\/sett.: \u20ac40<\/td>\n<\/tr>\n<tr>\n<td><\/td>\n<td>2 giorni\/sett.: \u20ac45<\/td>\n<\/tr>\n<tr>\n<td><\/td>\n<td>3 giorni\/sett.: \u20ac50<\/td>\n<\/tr>\n<\/tbody>\n<\/table>\n<p>[\/vc_column_text][\/vc_column][vc_column width=&#8221;1\/2&#8243;][vc_single_image image=&#8221;1579&#8243; img_size=&#8221;full&#8221; alignment=&#8221;center&#8221; css=&#8221;&#8221;][vc_raw_html css=&#8221;&#8221;]JTNDY2VudGVyJTNFJTBEJTBBJTIwJTIwJTIwJTIwJTNDJTJGY2VudGVyJTNFJTNDJTIxLS0lMjBHb29nbGUlMjBDYWxlbmRhciUyMEFwcG9pbnRtZW50JTIwU2NoZWR1bGluZyUyMGJlZ2luJTIwLS0lM0UlMEQlMEElM0NsaW5rJTIwaHJlZiUzRCUyMmh0dHBzJTNBJTJGJTJGY2FsZW5kYXIuZ29vZ2xlLmNvbSUyRmNhbGVuZGFyJTJGc2NoZWR1bGluZy1idXR0b24tc2NyaXB0LmNzcyUyMiUyMHJlbCUzRCUyMnN0eWxlc2hlZXQlMjIlM0UlMEQlMEElM0NzY3JpcHQlMjBzcmMlM0QlMjJodHRwcyUzQSUyRiUyRmNhbGVuZGFyLmdvb2dsZS5jb20lMkZjYWxlbmRhciUyRnNjaGVkdWxpbmctYnV0dG9uLXNjcmlwdC5qcyUyMiUyMGFzeW5jJTNFJTNDJTJGc2NyaXB0JTNFJTBEJTBBJTNDc2NyaXB0JTNFJTBEJTBBJTI4ZnVuY3Rpb24lMjglMjklMjAlN0IlMEQlMEElMjAlMjB2YXIlMjB0YXJnZXQlMjAlM0QlMjBkb2N1bWVudC5jdXJyZW50U2NyaXB0JTNCJTBEJTBBJTIwJTIwd2luZG93LmFkZEV2ZW50TGlzdGVuZXIlMjglMjdsb2FkJTI3JTJDJTIwZnVuY3Rpb24lMjglMjklMjAlN0IlMEQlMEElMjAlMjAlMjAlMjBjYWxlbmRhci5zY2hlZHVsaW5nQnV0dG9uLmxvYWQlMjglN0IlMEQlMEElMjAlMjAlMjAlMjAlMjAlMjB1cmwlM0ElMjAlMjdodHRwcyUzQSUyRiUyRmNhbGVuZGFyLmdvb2dsZS5jb20lMkZjYWxlbmRhciUyRmFwcG9pbnRtZW50cyUyRkFjWnNzWjBHVVVYUHllLXc4S2JzX3pMQmp2NS0zNzVXeHgwN1VYd0VhbVUlM0QlM0ZndiUzRHRydWUlMjclMkMlMEQlMEElMjAlMjAlMjAlMjAlMjAlMjBjb2xvciUzQSUyMCUyNyUyMzAzOUJFNSUyNyUyQyUwRCUwQSUyMCUyMCUyMCUyMCUyMCUyMGxhYmVsJTNBJTIwJTI3Rmlzc2ElMjB1biUyMGFwcHVudGFtZW50byUyNyUyQyUwRCUwQSUyMCUyMCUyMCUyMCUyMCUyMHRhcmdldCUyQyUwRCUwQSUyMCUyMCUyMCUyMCU3RCUyOSUzQiUwRCUwQSUyMCUyMCU3RCUyOSUzQiUwRCUwQSU3RCUyOSUyOCUyOSUzQiUwRCUwQSUzQyUyRnNjcmlwdCUzRSUwRCUwQSUzQyUyMS0tJTIwZW5kJTIwR29vZ2xlJTIwQ2FsZW5kYXIlMjBBcHBvaW50bWVudCUyMFNjaGVkdWxpbmclMjAtLSUzRSUwRCUwQSUzQyUyRmNlbnRlciUzRQ==[\/vc_raw_html][\/vc_column][\/vc_row][vc_row][vc_column width=&#8221;1\/2&#8243;][vc_custom_heading text=&#8221;GRUPPI DI STUDIO&#8221; google_fonts=&#8221;font_family:Montserrat%3Aregular%2C700|font_style:700%20bold%20regular%3A700%3Anormal&#8221; css=&#8221;&#8221;][vc_raw_html css=&#8221;&#8221;]JTNDY2VudGVyJTNFJTBEJTBBJTIwJTIwJTIwJTIwJTNDJTJGY2VudGVyJTNFJTNDJTIxLS0lMjBHb29nbGUlMjBDYWxlbmRhciUyMEFwcG9pbnRtZW50JTIwU2NoZWR1bGluZyUyMGJlZ2luJTIwLS0lM0UlMEQlMEElM0NsaW5rJTIwaHJlZiUzRCUyMmh0dHBzJTNBJTJGJTJGY2FsZW5kYXIuZ29vZ2xlLmNvbSUyRmNhbGVuZGFyJTJGc2NoZWR1bGluZy1idXR0b24tc2NyaXB0LmNzcyUyMiUyMHJlbCUzRCUyMnN0eWxlc2hlZXQlMjIlM0UlMEQlMEElM0NzY3JpcHQlMjBzcmMlM0QlMjJodHRwcyUzQSUyRiUyRmNhbGVuZGFyLmdvb2dsZS5jb20lMkZjYWxlbmRhciUyRnNjaGVkdWxpbmctYnV0dG9uLXNjcmlwdC5qcyUyMiUyMGFzeW5jJTNFJTNDJTJGc2NyaXB0JTNFJTBEJTBBJTNDc2NyaXB0JTNFJTBEJTBBJTI4ZnVuY3Rpb24lMjglMjklMjAlN0IlMEQlMEElMjAlMjB2YXIlMjB0YXJnZXQlMjAlM0QlMjBkb2N1bWVudC5jdXJyZW50U2NyaXB0JTNCJTBEJTBBJTIwJTIwd2luZG93LmFkZEV2ZW50TGlzdGVuZXIlMjglMjdsb2FkJTI3JTJDJTIwZnVuY3Rpb24lMjglMjklMjAlN0IlMEQlMEElMjAlMjAlMjAlMjBjYWxlbmRhci5zY2hlZHVsaW5nQnV0dG9uLmxvYWQlMjglN0IlMEQlMEElMjAlMjAlMjAlMjAlMjAlMjB1cmwlM0ElMjAlMjdodHRwcyUzQSUyRiUyRmNhbGVuZGFyLmdvb2dsZS5jb20lMkZjYWxlbmRhciUyRmFwcG9pbnRtZW50cyUyRkFjWnNzWjBHVVVYUHllLXc4S2JzX3pMQmp2NS0zNzVXeHgwN1VYd0VhbVUlM0QlM0ZndiUzRHRydWUlMjclMkMlMEQlMEElMjAlMjAlMjAlMjAlMjAlMjBjb2xvciUzQSUyMCUyNyUyMzAzOUJFNSUyNyUyQyUwRCUwQSUyMCUyMCUyMCUyMCUyMCUyMGxhYmVsJTNBJTIwJTI3Rmlzc2ElMjB1biUyMGFwcHVudGFtZW50byUyNyUyQyUwRCUwQSUyMCUyMCUyMCUyMCUyMCUyMHRhcmdldCUyQyUwRCUwQSUyMCUyMCUyMCUyMCU3RCUyOSUzQiUwRCUwQSUyMCUyMCU3RCUyOSUzQiUwRCUwQSU3RCUyOSUyOCUyOSUzQiUwRCUwQSUzQyUyRnNjcmlwdCUzRSUwRCUwQSUzQyUyMS0tJTIwZW5kJTIwR29vZ2xlJTIwQ2FsZW5kYXIlMjBBcHBvaW50bWVudCUyMFNjaGVkdWxpbmclMjAtLSUzRSUwRCUwQSUzQyUyRmNlbnRlciUzRQ==[\/vc_raw_html][vc_column_text css=&#8221;&#8221;]<\/p>\n<h3 id=\"-supporto-compiti-parte-il-marted\u00ec-e-il-gioved\u00ec-al-don-bosco-\">SUPPORTO COMPITI: Parte il marted\u00ec e il gioved\u00ec al Don Bosco!<\/h3>\n<p>Cari genitori dei ragazzi delle Medie e del Biennio Superiori, state cercando un aiuto qualificato per i compiti?<\/p>\n<p>Stanno per iniziare i nostri&nbsp;<strong>GRUPPI DI STUDIO<\/strong>&nbsp;in Oratorio, un ambiente sereno e focalizzato!<\/p>\n<p>I ragazzi potranno lavorare in piccoli team (max 3-4) e avranno a disposizione:<\/p>\n<p><strong>Professori Esperti<\/strong>&nbsp;dedicati a materie specifiche come Italiano&nbsp;\ud83c\uddee\ud83c\uddf9, Storia, Geografia, Inglese&nbsp;\ud83c\uddec\ud83c\udde7&nbsp;e Tedesco.<\/p>\n<p>Un supporto completo per tutte le altre discipline (Matematica, Scienze, etc.).<\/p>\n<p><em>Un\u2019occasione per studiare, crescere e collaborare.<\/em><\/p>\n<p>\ud83d\uddd3\ufe0f&nbsp;<strong>Quando?<\/strong>&nbsp;marted\u00ec e gioved\u00ec.<\/p>\n<p><strong>Per iscriversi (anche mensilmente):<\/strong><\/p>\n<ul>\n<li>Visitate il nostro sito:&nbsp;<strong><a href=\"https:\/\/www.donboscotolmezzo.it\/\">www.donboscotolmezzo.it<\/a><\/strong><\/li>\n<li>Contattate la segreteria dell\u2019Oratorio:&nbsp;<strong>+39 351 768 5589<\/strong><\/li>\n<\/ul>\n<p>A presto![\/vc_column_text][\/vc_column][vc_column width=&#8221;1\/2&#8243;][vc_single_image image=&#8221;1923&#8243; img_size=&#8221;full&#8221; alignment=&#8221;center&#8221; css=&#8221;&#8221;][vc_raw_html css=&#8221;&#8221;]JTNDY2VudGVyJTNFJTBEJTBBJTIwJTIwJTIwJTIwJTNDJTJGY2VudGVyJTNFJTNDJTIxLS0lMjBHb29nbGUlMjBDYWxlbmRhciUyMEFwcG9pbnRtZW50JTIwU2NoZWR1bGluZyUyMGJlZ2luJTIwLS0lM0UlMEQlMEElM0NsaW5rJTIwaHJlZiUzRCUyMmh0dHBzJTNBJTJGJTJGY2FsZW5kYXIuZ29vZ2xlLmNvbSUyRmNhbGVuZGFyJTJGc2NoZWR1bGluZy1idXR0b24tc2NyaXB0LmNzcyUyMiUyMHJlbCUzRCUyMnN0eWxlc2hlZXQlMjIlM0UlMEQlMEElM0NzY3JpcHQlMjBzcmMlM0QlMjJodHRwcyUzQSUyRiUyRmNhbGVuZGFyLmdvb2dsZS5jb20lMkZjYWxlbmRhciUyRnNjaGVkdWxpbmctYnV0dG9uLXNjcmlwdC5qcyUyMiUyMGFzeW5jJTNFJTNDJTJGc2NyaXB0JTNFJTBEJTBBJTNDc2NyaXB0JTNFJTBEJTBBJTI4ZnVuY3Rpb24lMjglMjklMjAlN0IlMEQlMEElMjAlMjB2YXIlMjB0YXJnZXQlMjAlM0QlMjBkb2N1bWVudC5jdXJyZW50U2NyaXB0JTNCJTBEJTBBJTIwJTIwd2luZG93LmFkZEV2ZW50TGlzdGVuZXIlMjglMjdsb2FkJTI3JTJDJTIwZnVuY3Rpb24lMjglMjklMjAlN0IlMEQlMEElMjAlMjAlMjAlMjBjYWxlbmRhci5zY2hlZHVsaW5nQnV0dG9uLmxvYWQlMjglN0IlMEQlMEElMjAlMjAlMjAlMjAlMjAlMjB1cmwlM0ElMjAlMjdodHRwcyUzQSUyRiUyRmNhbGVuZGFyLmdvb2dsZS5jb20lMkZjYWxlbmRhciUyRmFwcG9pbnRtZW50cyUyRkFjWnNzWjBHVVVYUHllLXc4S2JzX3pMQmp2NS0zNzVXeHgwN1VYd0VhbVUlM0QlM0ZndiUzRHRydWUlMjclMkMlMEQlMEElMjAlMjAlMjAlMjAlMjAlMjBjb2xvciUzQSUyMCUyNyUyMzAzOUJFNSUyNyUyQyUwRCUwQSUyMCUyMCUyMCUyMCUyMCUyMGxhYmVsJTNBJTIwJTI3Rmlzc2ElMjB1biUyMGFwcHVudGFtZW50byUyNyUyQyUwRCUwQSUyMCUyMCUyMCUyMCUyMCUyMHRhcmdldCUyQyUwRCUwQSUyMCUyMCUyMCUyMCU3RCUyOSUzQiUwRCUwQSUyMCUyMCU3RCUyOSUzQiUwRCUwQSU3RCUyOSUyOCUyOSUzQiUwRCUwQSUzQyUyRnNjcmlwdCUzRSUwRCUwQSUzQyUyMS0tJTIwZW5kJTIwR29vZ2xlJTIwQ2FsZW5kYXIlMjBBcHBvaW50bWVudCUyMFNjaGVkdWxpbmclMjAtLSUzRSUwRCUwQSUzQyUyRmNlbnRlciUzRQ==[\/vc_raw_html][\/vc_column][\/vc_row][vc_row][vc_column][\/vc_column][\/vc_row]<\/p>\n<\/div>","protected":false},"excerpt":{"rendered":"<p>[vc_row][vc_column width=&#8221;1\/2&#8243;][vc_custom_heading text=&#8221;IL DOPOSCUOLA&#8221; google_fonts=&#8221;font_family:Montserrat%3Aregular%2C700|font_style:700%20bold%20regular%3A700%3Anormal&#8221; css=&#8221;&#8221;][vc_raw_html css=&#8221;&#8221;]JTNDY2VudGVyJTNFJTBEJTBBJTIwJTIwJTIwJTIwJTNDJTJGY2VudGVyJTNFJTNDJTIxLS0lMjBHb29nbGUlMjBDYWxlbmRhciUyMEFwcG9pbnRtZW50JTIwU2NoZWR1bGluZyUyMGJlZ2luJTIwLS0lM0UlMEQlMEElM0NsaW5rJTIwaHJlZiUzRCUyMmh0dHBzJTNBJTJGJTJGY2FsZW5kYXIuZ29vZ2xlLmNvbSUyRmNhbGVuZGFyJTJGc2NoZWR1bGluZy1idXR0b24tc2NyaXB0LmNzcyUyMiUyMHJlbCUzRCUyMnN0eWxlc2hlZXQlMjIlM0UlMEQlMEElM0NzY3JpcHQlMjBzcmMlM0QlMjJodHRwcyUzQSUyRiUyRmNhbGVuZGFyLmdvb2dsZS5jb20lMkZjYWxlbmRhciUyRnNjaGVkdWxpbmctYnV0dG9uLXNjcmlwdC5qcyUyMiUyMGFzeW5jJTNFJTNDJTJGc2NyaXB0JTNFJTBEJTBBJTNDc2NyaXB0JTNFJTBEJTBBJTI4ZnVuY3Rpb24lMjglMjklMjAlN0IlMEQlMEElMjAlMjB2YXIlMjB0YXJnZXQlMjAlM0QlMjBkb2N1bWVudC5jdXJyZW50U2NyaXB0JTNCJTBEJTBBJTIwJTIwd2luZG93LmFkZEV2ZW50TGlzdGVuZXIlMjglMjdsb2FkJTI3JTJDJTIwZnVuY3Rpb24lMjglMjklMjAlN0IlMEQlMEElMjAlMjAlMjAlMjBjYWxlbmRhci5zY2hlZHVsaW5nQnV0dG9uLmxvYWQlMjglN0IlMEQlMEElMjAlMjAlMjAlMjAlMjAlMjB1cmwlM0ElMjAlMjdodHRwcyUzQSUyRiUyRmNhbGVuZGFyLmdvb2dsZS5jb20lMkZjYWxlbmRhciUyRmFwcG9pbnRtZW50cyUyRkFjWnNzWjBHVVVYUHllLXc4S2JzX3pMQmp2NS0zNzVXeHgwN1VYd0VhbVUlM0QlM0ZndiUzRHRydWUlMjclMkMlMEQlMEElMjAlMjAlMjAlMjAlMjAlMjBjb2xvciUzQSUyMCUyNyUyMzAzOUJFNSUyNyUyQyUwRCUwQSUyMCUyMCUyMCUyMCUyMCUyMGxhYmVsJTNBJTIwJTI3Rmlzc2ElMjB1biUyMGFwcHVudGFtZW50byUyNyUyQyUwRCUwQSUyMCUyMCUyMCUyMCUyMCUyMHRhcmdldCUyQyUwRCUwQSUyMCUyMCUyMCUyMCU3RCUyOSUzQiUwRCUwQSUyMCUyMCU3RCUyOSUzQiUwRCUwQSU3RCUyOSUyOCUyOSUzQiUwRCUwQSUzQyUyRnNjcmlwdCUzRSUwRCUwQSUzQyUyMS0tJTIwZW5kJTIwR29vZ2xlJTIwQ2FsZW5kYXIlMjBBcHBvaW50bWVudCUyMFNjaGVkdWxpbmclMjAtLSUzRSUwRCUwQSUzQyUyRmNlbnRlciUzRQ==[\/vc_raw_html][vc_column_text css=&#8221;&#8221;]L&#8217;Oratorio Salesiano Don Bosco di Tolmezzo lancia il progetto WINTER PLUS, un servizio di supporto allo studio strutturato e mirato, pensato per affiancare le famiglie della Carnia nel percorso formativo dei loro figli. Il nostro impegno va oltre la semplice esecuzione dei compiti. L&#8217;obiettivo primario di WINTER PLUS [&hellip;]<\/p>\n","protected":false},"author":2,"featured_media":0,"parent":0,"menu_order":0,"comment_status":"closed","ping_status":"closed","template":"","meta":{"footnotes":""},"class_list":["post-1627","page","type-page","status-publish","hentry"],"yoast_head":"<!-- This site is optimized with the Yoast SEO plugin v26.3 - https:\/\/yoast.com\/wordpress\/plugins\/seo\/ -->\n<title>Doposcuola - Progetto Winter Plus - Don Bosco Tolmezzo<\/title>\n<meta name=\"robots\" content=\"index, follow, max-snippet:-1, max-image-preview:large, max-video-preview:-1\" \/>\n<link rel=\"canonical\" href=\"http:\/\/www.donboscotolmezzo.it\/index.php\/doposcuola\/\" \/>\n<meta property=\"og:locale\" content=\"it_IT\" \/>\n<meta property=\"og:type\" content=\"article\" \/>\n<meta property=\"og:title\" content=\"Doposcuola - Progetto Winter Plus - Don Bosco Tolmezzo\" \/>\n<meta property=\"og:description\" content=\"[vc_row][vc_column width=&#8221;1\/2&#8243;][vc_custom_heading text=&#8221;IL DOPOSCUOLA&#8221; google_fonts=&#8221;font_family:Montserrat%3Aregular%2C700|font_style:700%20bold%20regular%3A700%3Anormal&#8221; css=&#8221;&#8221;][vc_raw_html css=&#8221;&#8221;]JTNDY2VudGVyJTNFJTBEJTBBJTIwJTIwJTIwJTIwJTNDJTJGY2VudGVyJTNFJTNDJTIxLS0lMjBHb29nbGUlMjBDYWxlbmRhciUyMEFwcG9pbnRtZW50JTIwU2NoZWR1bGluZyUyMGJlZ2luJTIwLS0lM0UlMEQlMEElM0NsaW5rJTIwaHJlZiUzRCUyMmh0dHBzJTNBJTJGJTJGY2FsZW5kYXIuZ29vZ2xlLmNvbSUyRmNhbGVuZGFyJTJGc2NoZWR1bGluZy1idXR0b24tc2NyaXB0LmNzcyUyMiUyMHJlbCUzRCUyMnN0eWxlc2hlZXQlMjIlM0UlMEQlMEElM0NzY3JpcHQlMjBzcmMlM0QlMjJodHRwcyUzQSUyRiUyRmNhbGVuZGFyLmdvb2dsZS5jb20lMkZjYWxlbmRhciUyRnNjaGVkdWxpbmctYnV0dG9uLXNjcmlwdC5qcyUyMiUyMGFzeW5jJTNFJTNDJTJGc2NyaXB0JTNFJTBEJTBBJTNDc2NyaXB0JTNFJTBEJTBBJTI4ZnVuY3Rpb24lMjglMjklMjAlN0IlMEQlMEElMjAlMjB2YXIlMjB0YXJnZXQlMjAlM0QlMjBkb2N1bWVudC5jdXJyZW50U2NyaXB0JTNCJTBEJTBBJTIwJTIwd2luZG93LmFkZEV2ZW50TGlzdGVuZXIlMjglMjdsb2FkJTI3JTJDJTIwZnVuY3Rpb24lMjglMjklMjAlN0IlMEQlMEElMjAlMjAlMjAlMjBjYWxlbmRhci5zY2hlZHVsaW5nQnV0dG9uLmxvYWQlMjglN0IlMEQlMEElMjAlMjAlMjAlMjAlMjAlMjB1cmwlM0ElMjAlMjdodHRwcyUzQSUyRiUyRmNhbGVuZGFyLmdvb2dsZS5jb20lMkZjYWxlbmRhciUyRmFwcG9pbnRtZW50cyUyRkFjWnNzWjBHVVVYUHllLXc4S2JzX3pMQmp2NS0zNzVXeHgwN1VYd0VhbVUlM0QlM0ZndiUzRHRydWUlMjclMkMlMEQlMEElMjAlMjAlMjAlMjAlMjAlMjBjb2xvciUzQSUyMCUyNyUyMzAzOUJFNSUyNyUyQyUwRCUwQSUyMCUyMCUyMCUyMCUyMCUyMGxhYmVsJTNBJTIwJTI3Rmlzc2ElMjB1biUyMGFwcHVudGFtZW50byUyNyUyQyUwRCUwQSUyMCUyMCUyMCUyMCUyMCUyMHRhcmdldCUyQyUwRCUwQSUyMCUyMCUyMCUyMCU3RCUyOSUzQiUwRCUwQSUyMCUyMCU3RCUyOSUzQiUwRCUwQSU3RCUyOSUyOCUyOSUzQiUwRCUwQSUzQyUyRnNjcmlwdCUzRSUwRCUwQSUzQyUyMS0tJTIwZW5kJTIwR29vZ2xlJTIwQ2FsZW5kYXIlMjBBcHBvaW50bWVudCUyMFNjaGVkdWxpbmclMjAtLSUzRSUwRCUwQSUzQyUyRmNlbnRlciUzRQ==[\/vc_raw_html][vc_column_text css=&#8221;&#8221;]L&#8217;Oratorio Salesiano Don Bosco di Tolmezzo lancia il progetto WINTER PLUS, un servizio di supporto allo studio strutturato e mirato, pensato per affiancare le famiglie della Carnia nel percorso formativo dei loro figli. Il nostro impegno va oltre la semplice esecuzione dei compiti. L&#8217;obiettivo primario di WINTER PLUS [&hellip;]\" \/>\n<meta property=\"og:url\" content=\"http:\/\/www.donboscotolmezzo.it\/index.php\/doposcuola\/\" \/>\n<meta property=\"og:site_name\" content=\"Don Bosco Tolmezzo\" \/>\n<meta property=\"article:modified_time\" content=\"2025-11-04T10:41:27+00:00\" \/>\n<meta name=\"twitter:card\" content=\"summary_large_image\" \/>\n<script type=\"application\/ld+json\" class=\"yoast-schema-graph\">{\"@context\":\"https:\/\/schema.org\",\"@graph\":[{\"@type\":\"WebPage\",\"@id\":\"http:\/\/www.donboscotolmezzo.it\/index.php\/doposcuola\/\",\"url\":\"http:\/\/www.donboscotolmezzo.it\/index.php\/doposcuola\/\",\"name\":\"Doposcuola - Progetto Winter Plus - Don Bosco Tolmezzo\",\"isPartOf\":{\"@id\":\"https:\/\/www.donboscotolmezzo.it\/#website\"},\"datePublished\":\"2025-10-23T11:23:36+00:00\",\"dateModified\":\"2025-11-04T10:41:27+00:00\",\"breadcrumb\":{\"@id\":\"http:\/\/www.donboscotolmezzo.it\/index.php\/doposcuola\/#breadcrumb\"},\"inLanguage\":\"it-IT\",\"potentialAction\":[{\"@type\":\"ReadAction\",\"target\":[\"http:\/\/www.donboscotolmezzo.it\/index.php\/doposcuola\/\"]}]},{\"@type\":\"BreadcrumbList\",\"@id\":\"http:\/\/www.donboscotolmezzo.it\/index.php\/doposcuola\/#breadcrumb\",\"itemListElement\":[{\"@type\":\"ListItem\",\"position\":1,\"name\":\"Home\",\"item\":\"https:\/\/www.donboscotolmezzo.it\/\"},{\"@type\":\"ListItem\",\"position\":2,\"name\":\"Doposcuola &#8211; Progetto Winter Plus\"}]},{\"@type\":\"WebSite\",\"@id\":\"https:\/\/www.donboscotolmezzo.it\/#website\",\"url\":\"https:\/\/www.donboscotolmezzo.it\/\",\"name\":\"Don Bosco Tolmezzo\",\"description\":\"\",\"potentialAction\":[{\"@type\":\"SearchAction\",\"target\":{\"@type\":\"EntryPoint\",\"urlTemplate\":\"https:\/\/www.donboscotolmezzo.it\/?s={search_term_string}\"},\"query-input\":{\"@type\":\"PropertyValueSpecification\",\"valueRequired\":true,\"valueName\":\"search_term_string\"}}],\"inLanguage\":\"it-IT\"}]}<\/script>\n<!-- \/ Yoast SEO plugin. -->","yoast_head_json":{"title":"Doposcuola - Progetto Winter Plus - Don Bosco Tolmezzo","robots":{"index":"index","follow":"follow","max-snippet":"max-snippet:-1","max-image-preview":"max-image-preview:large","max-video-preview":"max-video-preview:-1"},"canonical":"http:\/\/www.donboscotolmezzo.it\/index.php\/doposcuola\/","og_locale":"it_IT","og_type":"article","og_title":"Doposcuola - Progetto Winter Plus - Don Bosco Tolmezzo","og_description":"[vc_row][vc_column width=&#8221;1\/2&#8243;][vc_custom_heading text=&#8221;IL DOPOSCUOLA&#8221; google_fonts=&#8221;font_family:Montserrat%3Aregular%2C700|font_style:700%20bold%20regular%3A700%3Anormal&#8221; css=&#8221;&#8221;][vc_raw_html css=&#8221;&#8221;]JTNDY2VudGVyJTNFJTBEJTBBJTIwJTIwJTIwJTIwJTNDJTJGY2VudGVyJTNFJTNDJTIxLS0lMjBHb29nbGUlMjBDYWxlbmRhciUyMEFwcG9pbnRtZW50JTIwU2NoZWR1bGluZyUyMGJlZ2luJTIwLS0lM0UlMEQlMEElM0NsaW5rJTIwaHJlZiUzRCUyMmh0dHBzJTNBJTJGJTJGY2FsZW5kYXIuZ29vZ2xlLmNvbSUyRmNhbGVuZGFyJTJGc2NoZWR1bGluZy1idXR0b24tc2NyaXB0LmNzcyUyMiUyMHJlbCUzRCUyMnN0eWxlc2hlZXQlMjIlM0UlMEQlMEElM0NzY3JpcHQlMjBzcmMlM0QlMjJodHRwcyUzQSUyRiUyRmNhbGVuZGFyLmdvb2dsZS5jb20lMkZjYWxlbmRhciUyRnNjaGVkdWxpbmctYnV0dG9uLXNjcmlwdC5qcyUyMiUyMGFzeW5jJTNFJTNDJTJGc2NyaXB0JTNFJTBEJTBBJTNDc2NyaXB0JTNFJTBEJTBBJTI4ZnVuY3Rpb24lMjglMjklMjAlN0IlMEQlMEElMjAlMjB2YXIlMjB0YXJnZXQlMjAlM0QlMjBkb2N1bWVudC5jdXJyZW50U2NyaXB0JTNCJTBEJTBBJTIwJTIwd2luZG93LmFkZEV2ZW50TGlzdGVuZXIlMjglMjdsb2FkJTI3JTJDJTIwZnVuY3Rpb24lMjglMjklMjAlN0IlMEQlMEElMjAlMjAlMjAlMjBjYWxlbmRhci5zY2hlZHVsaW5nQnV0dG9uLmxvYWQlMjglN0IlMEQlMEElMjAlMjAlMjAlMjAlMjAlMjB1cmwlM0ElMjAlMjdodHRwcyUzQSUyRiUyRmNhbGVuZGFyLmdvb2dsZS5jb20lMkZjYWxlbmRhciUyRmFwcG9pbnRtZW50cyUyRkFjWnNzWjBHVVVYUHllLXc4S2JzX3pMQmp2NS0zNzVXeHgwN1VYd0VhbVUlM0QlM0ZndiUzRHRydWUlMjclMkMlMEQlMEElMjAlMjAlMjAlMjAlMjAlMjBjb2xvciUzQSUyMCUyNyUyMzAzOUJFNSUyNyUyQyUwRCUwQSUyMCUyMCUyMCUyMCUyMCUyMGxhYmVsJTNBJTIwJTI3Rmlzc2ElMjB1biUyMGFwcHVudGFtZW50byUyNyUyQyUwRCUwQSUyMCUyMCUyMCUyMCUyMCUyMHRhcmdldCUyQyUwRCUwQSUyMCUyMCUyMCUyMCU3RCUyOSUzQiUwRCUwQSUyMCUyMCU3RCUyOSUzQiUwRCUwQSU3RCUyOSUyOCUyOSUzQiUwRCUwQSUzQyUyRnNjcmlwdCUzRSUwRCUwQSUzQyUyMS0tJTIwZW5kJTIwR29vZ2xlJTIwQ2FsZW5kYXIlMjBBcHBvaW50bWVudCUyMFNjaGVkdWxpbmclMjAtLSUzRSUwRCUwQSUzQyUyRmNlbnRlciUzRQ==[\/vc_raw_html][vc_column_text css=&#8221;&#8221;]L&#8217;Oratorio Salesiano Don Bosco di Tolmezzo lancia il progetto WINTER PLUS, un servizio di supporto allo studio strutturato e mirato, pensato per affiancare le famiglie della Carnia nel percorso formativo dei loro figli. Il nostro impegno va oltre la semplice esecuzione dei compiti. L&#8217;obiettivo primario di WINTER PLUS [&hellip;]","og_url":"http:\/\/www.donboscotolmezzo.it\/index.php\/doposcuola\/","og_site_name":"Don Bosco Tolmezzo","article_modified_time":"2025-11-04T10:41:27+00:00","twitter_card":"summary_large_image","schema":{"@context":"https:\/\/schema.org","@graph":[{"@type":"WebPage","@id":"http:\/\/www.donboscotolmezzo.it\/index.php\/doposcuola\/","url":"http:\/\/www.donboscotolmezzo.it\/index.php\/doposcuola\/","name":"Doposcuola - Progetto Winter Plus - Don Bosco Tolmezzo","isPartOf":{"@id":"https:\/\/www.donboscotolmezzo.it\/#website"},"datePublished":"2025-10-23T11:23:36+00:00","dateModified":"2025-11-04T10:41:27+00:00","breadcrumb":{"@id":"http:\/\/www.donboscotolmezzo.it\/index.php\/doposcuola\/#breadcrumb"},"inLanguage":"it-IT","potentialAction":[{"@type":"ReadAction","target":["http:\/\/www.donboscotolmezzo.it\/index.php\/doposcuola\/"]}]},{"@type":"BreadcrumbList","@id":"http:\/\/www.donboscotolmezzo.it\/index.php\/doposcuola\/#breadcrumb","itemListElement":[{"@type":"ListItem","position":1,"name":"Home","item":"https:\/\/www.donboscotolmezzo.it\/"},{"@type":"ListItem","position":2,"name":"Doposcuola &#8211; Progetto Winter Plus"}]},{"@type":"WebSite","@id":"https:\/\/www.donboscotolmezzo.it\/#website","url":"https:\/\/www.donboscotolmezzo.it\/","name":"Don Bosco Tolmezzo","description":"","potentialAction":[{"@type":"SearchAction","target":{"@type":"EntryPoint","urlTemplate":"https:\/\/www.donboscotolmezzo.it\/?s={search_term_string}"},"query-input":{"@type":"PropertyValueSpecification","valueRequired":true,"valueName":"search_term_string"}}],"inLanguage":"it-IT"}]}},"_links":{"self":[{"href":"https:\/\/www.donboscotolmezzo.it\/index.php\/wp-json\/wp\/v2\/pages\/1627","targetHints":{"allow":["GET"]}}],"collection":[{"href":"https:\/\/www.donboscotolmezzo.it\/index.php\/wp-json\/wp\/v2\/pages"}],"about":[{"href":"https:\/\/www.donboscotolmezzo.it\/index.php\/wp-json\/wp\/v2\/types\/page"}],"author":[{"embeddable":true,"href":"https:\/\/www.donboscotolmezzo.it\/index.php\/wp-json\/wp\/v2\/users\/2"}],"replies":[{"embeddable":true,"href":"https:\/\/www.donboscotolmezzo.it\/index.php\/wp-json\/wp\/v2\/comments?post=1627"}],"version-history":[{"count":13,"href":"https:\/\/www.donboscotolmezzo.it\/index.php\/wp-json\/wp\/v2\/pages\/1627\/revisions"}],"predecessor-version":[{"id":1933,"href":"https:\/\/www.donboscotolmezzo.it\/index.php\/wp-json\/wp\/v2\/pages\/1627\/revisions\/1933"}],"wp:attachment":[{"href":"https:\/\/www.donboscotolmezzo.it\/index.php\/wp-json\/wp\/v2\/media?parent=1627"}],"curies":[{"name":"wp","href":"https:\/\/api.w.org\/{rel}","templated":true}]}}